{"id":115,"date":"2023-07-22T15:56:17","date_gmt":"2023-07-22T15:56:17","guid":{"rendered":"https:\/\/bahiasol.es\/?page_id=115"},"modified":"2023-08-02T15:26:21","modified_gmt":"2023-08-02T15:26:21","slug":"piscinas","status":"publish","type":"page","link":"https:\/\/bahiasol.es\/index.php\/piscinas\/","title":{"rendered":"Piscinas"},"content":{"rendered":"\n<p style=\"font-size:50px\"><strong>Servicios de piscinas<\/strong><\/p>\n\n\n\n<div style=\"height:32px\" aria-hidden=\"true\" class=\"wp-block-spacer\"><\/div>\n\n\n\n<div class=\"wp-block-columns is-layout-flex wp-container-core-columns-is-layout-9d6595d7 wp-block-columns-is-layout-flex\">\n<div class=\"wp-block-column is-layout-flow wp-block-column-is-layout-flow\">\n<div class=\"wp-block-columns is-layout-flex wp-container-core-columns-is-layout-9d6595d7 wp-block-columns-is-layout-flex\">\n<div class=\"wp-block-column is-layout-flow wp-block-column-is-layout-flow\" style=\"flex-basis:33.33%\">\n<p class=\"has-medium-font-size\">Realizamos todos los trabajos de mantenimiento y limpieza de todo tipo de piscinas. Mantenimiento de dosificadores, maquinaria, limpieza y tratamientos de agua<br>Utilizamos la \u00faltima tecnolog\u00eda y maquinaria necesaria para cada situaci\u00f3n.<br>Todo nuestro personal est\u00e1 cualificado y formado para los trabajos a realizar<\/p>\n\n\n\n<p class=\"has-medium-font-size\">Estos servicios se realizan con la mejor maquinaria y productos, asegurando as\u00ed la mejor calidad del mercado, adem\u00e1s estos trabajos siempre est\u00e1n controlados por uno de nuestros supervisores, asegurando as\u00ed la satisfacci\u00f3n de nuestros clientes<\/p>\n<\/div>\n\n\n\n<div class=\"wp-block-column is-layout-flow wp-block-column-is-layout-flow\" style=\"flex-basis:66.66%\">\n<figure class=\"wp-block-gallery has-nested-images columns-default is-cropped wp-block-gallery-1 is-layout-flex wp-block-gallery-is-layout-flex\">\n<figure class=\"wp-block-image size-large is-style-rounded\"><img loading=\"lazy\" decoding=\"async\" width=\"600\" height=\"397\" data-id=\"242\" src=\"https:\/\/bahiasol.es\/wp-content\/uploads\/2023\/07\/depositphotos_137136002-stock-photo-man-cleaning-swimming-pool-with-5.webp\" alt=\"\" class=\"wp-image-242\" srcset=\"https:\/\/bahiasol.es\/wp-content\/uploads\/2023\/07\/depositphotos_137136002-stock-photo-man-cleaning-swimming-pool-with-5.webp 600w, https:\/\/bahiasol.es\/wp-content\/uploads\/2023\/07\/depositphotos_137136002-stock-photo-man-cleaning-swimming-pool-with-5-300x199.webp 300w\" sizes=\"auto, (max-width: 600px) 100vw, 600px\" \/><\/figure>\n<\/figure>\n<\/div>\n<\/div>\n<\/div>\n<\/div>\n","protected":false},"excerpt":{"rendered":"<p>Servicios de piscinas Realizamos todos los trabajos de mantenimiento y limpieza de todo tipo de piscinas. Mantenimiento de dosificadores, maquinaria, limpieza y tratamientos de aguaUtilizamos la \u00faltima tecnolog\u00eda y maquinaria necesaria para cada situaci\u00f3n.Todo nuestro personal est\u00e1 cualificado y formado para los trabajos a realizar Estos servicios se realizan con la mejor maquinaria y productos, [&hellip;]<\/p>\n","protected":false},"author":2,"featured_media":0,"parent":0,"menu_order":0,"comment_status":"closed","ping_status":"closed","template":"","meta":{"_background_id":0,"_xo_background":[],"footnotes":""},"class_list":["post-115","page","type-page","status-publish","hentry"],"_links":{"self":[{"href":"https:\/\/bahiasol.es\/index.php\/wp-json\/wp\/v2\/pages\/115","targetHints":{"allow":["GET"]}}],"collection":[{"href":"https:\/\/bahiasol.es\/index.php\/wp-json\/wp\/v2\/pages"}],"about":[{"href":"https:\/\/bahiasol.es\/index.php\/wp-json\/wp\/v2\/types\/page"}],"author":[{"embeddable":true,"href":"https:\/\/bahiasol.es\/index.php\/wp-json\/wp\/v2\/users\/2"}],"replies":[{"embeddable":true,"href":"https:\/\/bahiasol.es\/index.php\/wp-json\/wp\/v2\/comments?post=115"}],"version-history":[{"count":52,"href":"https:\/\/bahiasol.es\/index.php\/wp-json\/wp\/v2\/pages\/115\/revisions"}],"predecessor-version":[{"id":368,"href":"https:\/\/bahiasol.es\/index.php\/wp-json\/wp\/v2\/pages\/115\/revisions\/368"}],"wp:attachment":[{"href":"https:\/\/bahiasol.es\/index.php\/wp-json\/wp\/v2\/media?parent=115"}],"curies":[{"name":"wp","href":"https:\/\/api.w.org\/{rel}","templated":true}]}}